. What is j(-67)?
2983
Let x(f) = 12*f**3 - 3121*f**2 + 648*f - 100879. Determine x(260).
1
Let c(k) = 3*k**3 - 746*k**2 - 27245*k - 3372. What is c(281)?
0
Let x(u) = -1234*u + 8012. Give x(5).
1842
Let k(d) = -33*d**2 + 923*d - 1770. Calculate k(23).
2002
Let a(f) = 316*f - 43352. Determine a(137).
-60
Let n(g) = -g**2 + 14*g + 761. What is n(35)?
26
Let j(v) = -606874*v + 3641248. Give j(6).
4
Let g(h) = 79291*h + 316766. What is g(-4)?
-398
Let y(j) = 4*j**3 + 265*j**2 + 810*j + 76. Calculate y(-3).
-77
Let f(x) = 3087*x + 385868. What is f(-125)?
-7
Let z(c) = -6*c**2 + 130*c - 900. Calculate z(7).
-284
Let b(p) = -123*p**3 - 3*p**2 + p - 7. Calculate b(3).
-3352
Let g(b) = -150693*b - 1808322. What is g(-12)?
-6
Let j(h) = 13*h**2 - 1410*h - 6. What is j(0)?
-6
Let d(x) = x**2 - 92*x + 1020. Determine d(79).
-7
Let s(u) = 116*u**3 - 2*u**2 + 575*u - 571. Determine s(1).
118
Let x(q) = 1020*q - 10702. Determine x(11).
518
Let a(z) = -z**3 + 65*z**2 + 1021*z - 1150. Give a(78).
-604
Let f(u) = 128284*u + 3207107. Calculate f(-25).
7
Let s(g) = 3*g**3 - 11*g**2 - 436*g + 2427. Determine s(10).
-33
Let m(a) = -5*a**2 - 771*a - 3902. What is m(-149)?
-28
Let d(w) = -w**2 + 139*w + 11724. Calculate d(199).
-216
Let g(p) = 4*p**2 + 56*p - 423. Determine g(-22).
281
Let m(u) = 12*u**3 - 5989*u**2 + 476*u + 11475. Calculate m(499).
-2
Let x(w) = -2*w**3 - 192*w**2 - 4021*w - 386020. Determine x(-96).
-4
Let o(a) = 18*a**2 + 226*a - 451. Give o(-14).
-87
Let f(i) = -40*i**2 - 2297*i + 3827. Determine f(-59).
110
Let q(h) = h**2 - 76*h + 1558. Calculate q(76).
1558
Let v(s) = -1527*s + 174046. Determine v(114).
-32
Let y(p) = -14571*p. Determine y(0).
0
Let j(v) = -2139*v - 25753. Calculate j(-12).
-85
Let z(j) = -5*j**2 - 1062*j + 17748. What is z(-228)?
-36
Let z(j) = -535*j + 8800. Determine z(17).
-295
Let l(j) = 1758*j + 54320. Give l(-31).
-178
Let t(m) = 2*m**3 - 5*m**2 + 2113*m - 6330. Determine t(3).
18
Let a(t) = -239*t - 2237. Determine a(-10).
153
Let s(m) = -56*m**2 - 2*m + 47. What is s(0)?
47
Let n(r) = 874*r + 24596. Calculate n(-30).
-1624
Let f(b) = -4*b**3 + 2012*b**2 + 791*b - 397857. Determine f(503).
16
Let m(a) = a**3 + 104*a**2 + 1917*a - 241. What is m(-80)?
-1
Let b(a) = a**2 - 1130*a + 61832. Give b(58).
-344
Let b(j) = -18*j**2 + 123*j - 681. Give b(6).
-591
Let g(m) = 3*m**2 - 139*m + 2041. Determine g(30).
571
Let y(m) = 245*m**2 - 620*m - 588. Give y(-1).
277
Let z(n) = 4*n**2 - 75*n - 319. What is z(21)?
-130
Let h(o) = o**3 + 11*o**2 + 389*o + 12809. Calculate h(-21).
230
Let x(v) = -1611*v - 111149. Calculate x(-69).
10
Let r(u) = 2*u**3 + 282*u**2 - 616*u - 6306. Calculate r(-143).
-14
Let z(m) = -92*m**2 - 2329*m. Calculate z(-25).
725
Let x(a) = 278*a - 9177. Calculate x(33).
-3
Let v(y) = -1833*y - 55528. Calculate v(-30).
-538
Let z(s) = s**3 + 13*s**2 + 94*s + 670. Determine z(-8).
238
Let b(a) = 4*a**3 + 205*a**2 - a - 97. Determine b(0).
-97
Let t(r) = -2602226*r - 5204452. Give t(-2).
0
Let z(i) = -i**3 + 39*i**2 + 576*i - 21464. Give z(40).
-24
Let s(r) = -24*r**3 - 11*r**2 - 129*r + 415. What is s(3)?
-719
Let j(h) = 13005*h**2 - 39199*h + 550. Give j(3).
-2
Let h(s) = 4*s**2 - 1346*s - 3491. Calculate h(339).
-101
Let j(z) = 299*z**2 + 7132*z - 1051. What is j(-24)?
5
Let k(f) = -70*f**2 - 82*f + 1116. Determine k(4).
-332
Let t(z) = -1942*z - 196140. Determine t(-101).
2
Let g(n) = 13932*n - 515471. Calculate g(37).
13
Let m(w) = -4*w**2 - 2482*w + 2483. What is m(1)?
-3
Let l(v) = v**2 - 59*v - 1270. Determine l(81).
512
Let g(y) = y**2 + 25268*y - 1595873. What is g(63)?
-20
Let u(g) = 2*g**3 + 562*g**2 + 6982*g + 3758. Calculate u(-268).
6
Let z(b) = 2509*b + 17913. Determine z(-7).
350
Let i(o) = 8569*o + 34281. Give i(-4).
5
Let i(r) = r**3 + 60*r**2 + 29*r - 479. Give i(-58).
4567
Let k(m) = -m**3 + 20*m**2 + 1081*m - 1092. What is k(44)?
8
Let z(l) = -l**2 + 22901*l + 1561928. What is z(-68)?
36
Let m(v) = -129187*v + 36559915. Determine m(283).
-6
Let g(d) = -200153*d + 2601993. Determine g(13).
4
Let o(z) = -2*z**2 + 590*z + 4857. Calculate o(303).
9
Let d(z) = 29446*z - 117778. Calculate d(4).
6
Let z(a) = 56*a**3 + 376*a**2 - 38*a + 3. What is z(-7)?
-515
Let k(t) = -767806*t + 13052685. Determine k(17).
-17
Let f(l) = 2*l**2 - 66916*l - 200762. Give f(-3).
4
Let p(w) = 39*w**2 - 1047*w + 4115. Give p(4).
551
Let v(w) = -28*w**2 - 1443*w + 16174. What is v(-61)?
9
Let r(l) = -16*l**3 + 1026*l**2 - 123*l - 276. Determine r(64).
44
Let q(p) = p**3 + 14*p**2 - 254*p - 3246. Give q(-18).
30
Let v(m) = 20*m - 1966. What is v(97)?
-26
Let u(f) = -35*f - 1037. Determine u(-49).
678
Let g(s) = -9*s**3 - 319*s**2 + 540*s + 824. Calculate g(-37).
10
Let i(t) = -4*t**2 - 1065*t + 39502. Calculate i(33).
1
Let k(d) = 92*d**2 + 490*d - 3. Calculate k(-6).
369
Let k(d) = -255*d**2 + 818*d - 161. Determine k(3).
-2
Let s(q) = -34137*q - 853442. What is s(-25)?
-17
Let y(h) = -14064*h + 28486. Determine y(2).
358
Let o(g) = 140016*g + 1680176. Give o(-12).
-16
Let z(w) = -2*w**3 + 46*w**2 + 294*w - 4746. Calculate z(25).
104
Let z(y) = -22780*y - 1526255. Determine z(-67).
5
Let b(z) = 80*z**2 + 353*z - 662. Determine b(-7).
787
Let a(u) = u**2 + 341*u + 21168. Determine a(-259).
-70
Let l(v) = -170390*v - 4430121. Determine l(-26).
19
Let d(s) = -8*s**2 - 301*s - 3900. Calculate d(-13).
-1339
Let z(u) = -4*u**3 - 303*u**2 + 70*u - 302. Calculate z(-76).
154
Let i(c) = -11*c**2 + 1037*c + 4151. What is i(-4)?
-173
Let z(c) = -2*c**2 + 31483*c - 691665. Determine z(22).
-7
Let s(b) = 1430*b - 153024. Determine s(107).
-14
Let i(y) = 4565*y - 73060. Give i(16).
-20
Let c(y) = 4*y**3 - 585*y**2 + 164*y - 2618. Calculate c(146).
10
Let r(y) = -1055*y**2 - 4922*y + 16. What is r(-5)?
-1749
Let r(h) = 3620*h + 40901. Give r(-11).
1081
Let h(m) = 2*m**2 + 48782*m + 292615. What is h(-6)?
-5
Let r(y) = 533*y - 1143. Determine r(3).
456
Let z(x) = -105*x**2 - 1786*x - 17. Give z(-17).
0
Let z(h) = -2272*h + 240828. Determine z(106).
-4
Let h(i) = 3*i**3 + 179*i**2 - 66491*i + 116. Calculate h(122).
-6
Let h(p) = -4*p**2 - 700*p + 964. What is h(-176)?
260
Let l(t) = -5*t**2 + 614*t + 81392. What is l(203)?
-11
Let a(i) = 3783826*i - 15135305. Calculate a(4).
-1
Let f(b) = 5*b**3 - 282*b**2 + 316*b + 3576. Give f(55).
-219
Let u(a) = 73*a**2 - 7369*a + 97. Give u(101).
501
Let j(p) = -p**3 - 71*p**2 + 3007*p + 215396. What is j(-70)?
6
Let l(i) = 259*i + 313. Give l(0).
313
Let j(q) = -42681*q - 896294. Determine j(-21).
7
Let s(r) = -r**2 + 3076*r + 9244. Determine s(-3).
7
Let k(r) = -r**3 + 13*r**2 + 4767*r - 66552. Determine k(14).
-10
Let p(w) = 3*w**3 + 36*w**2 + 9*w - 51. What is p(-12)?
-159
Let m(q) = -q**3 - 65*q**2 - 949*q - 523. Give m(-21).
2
Let s(f) = -f**3 + 23*f**2 + 123*f - 2793. What is s(11)?
12
Let a(s) = s**3 + 30*s**2 + 230*s + 78. What is a(-11)?
-153
Let w(z) = -66*z - 545. Determine w(-15).
445
Let u(o) = -273*o - 36000. What is u(-132)?
36
Let a(o) = -o**3 - 17*o**2 - 564*o + 4220. Give a(6).
8
Let u(r) = -5491*r - 49502. Calculate u(-9).
-83
Let h(u) = -19270*u + 77055. Determine h(4).
-25
Let m(g) = 332*g - 2760. Calculate m(8).
-104
Let c(r) = r**3 - 4*r**2 - 61938*r + 8. What is c(0)?
8
Let h(g) = 381877*g + 763756. Give h(-2).
2
Let p(j) = 44*j**2 - 707*j - 474. Give p(18).
1056
Let h(k) = -3*k**2 - 73*k + 2009. Calculate h(-40).
129
Let z(l) = -2*l**3 + 42*l**2 + 200*l - 3416. Determine z(22).
16
Let a(w) = 12*w**2 - 1243*w - 3804. Determine a(-3).
33
Let u(n) = n**3 + 260*n**2 - 1621*n - 6765. Calculate u(-266).
-115
Let n(p) = 2*p**3 - 22*p**2 - 194*p + 234. Calculate n(16).
-310
Let l(c) = -2*c**3 + 58*c**2 - 573*c - 17. Calculate l(14).
-2159
Let f(h) = h**3 - 32*h**2 - 145*h - 461. What is f(36)?
-497
Let u(b) = 1334*b + 11158. Give u(-8).
486
Let s(q) = 520668*q - 19785383. What is s(38)?
1
Let o(d) = 2796*d + 164963. What is o(-59)?
-1
Let n(k) = -11710*k + 749446. Give n(64).
6
Let i(n) = -778*n - 3880. Determine i(-5).
10
Let x(n) = 313*n**2 - n - 183. Determine x(0).
-183
Let x(w) = 157*w**2 + 338*w - 1717. Determine x(-5).
518
Let o(a) = -4*a**2 - 39*a + 2952. What is o(-38)?
-1342
Let q(y) = 59*y - 5636. What is q(86)?
-562
Let n(r) = -r**2 + 37467*r - 299672. Calcula